
-6
What is the value of -6 + 0 + 3 + -5 + 4?
-4
What is -4 + -1 + -1 + 4 + 0?
-2
What is (8 - 2) + -24 + 10 + 6?
-2
What is (4 - 9) + 1 + 2 + 4?
2
4 + -1 + 4 + -8
-1
What is 4 + (2 - (1 - -4))?
1
8 + (-3 - 3 - (-13 - -13))
2
Calculate 0 - (-3 + 2 + -3 + 0).
4
What is the value of 11 - (0 + 4 - 1)?
8
Calculate -12 + 8 - (-3 + 6 + -10).
3
What is the value of 5 + (-6 + 3 - -2)?
4
Calculate 0 - -2 - (-3 + 8).
-3
Calculate -6 - (0 - (4 + -7 + 1)).
-8
What is the value of (2 - 1) + (-7 + 13 - 5)?
2
Evaluate 4 + (0 - (-2 - -1)).
5
Calculate 3 + (2 - (1 + 2)).
2
What is 0 + 0 - (12 - 16)?
4
What is (-2 - -8) + -4 + -5 + 6?
3
(4 - 2) + -1 - (9 + -6)
-2
Calculate -29 + 28 - (1 - 1 - 1).
0
What is (0 - (0 - -13)) + 52 + -47?
-8
What is -8 - -14 - 4 - -2?
4
Evaluate 0 + (-2 - 5) - (18 + -24).
-1
-3 + (-3 - -6 - (-1 + 4))
-3
Evaluate 3 - (5 - 10 - -9).
-1
What is 2 + -15 + (-64 - -84)?
7
6 + -1 + -1 + (-4 - -4)
4
Evaluate -3 - (8 - 6) - (-4 + 2).
-3
What is (2 - -3) + -5 - 8?
-8
Evaluate 4 - 1 - 4 - (-3 - 0).
2
Calculate 4 - -8 - (-19 + 24).
7
10 + -14 - ((2 - 3) + -2)
-1
What is 8 + 11 + -15 + (-6 - 0)?
-2
(0 - -2) + -2 - 3 - -2
-1
What is the value of -1 - (-9 - -15 - (0 + 8))?
1
What is 4 - (2 + 1 + (-19 - -16))?
4
Evaluate -1 + 5 + (-1 - 1).
2
What is -3 - 0 - (14 + -15)?
-2
0 - (1 + -1 - -6)
-6
(1 - -11 - 9) + 2
5
What is 1 + -2 + 0 + (3 - -1)?
3
Evaluate -6 + 1 + 3 - (-2 - -1).
-1
(-37 - -31) + (4 - 2)
-4
Evaluate -8 + 19 + -6 + -6 + -7.
-8
Evaluate -9 + 6 + (-7 - (4 + -10)).
-4
Evaluate 13 - 11 - (-4 - -2).
4
-169 + 153 + 0 + 6
-10
7 - (1 + 2) - (4 - 0)
0
What is -5 - (-6 - 2) - (-1 - -8)?
-4
What is the value of (-5 - -8) + 0 + -1?
2
What is -9 - (17 + -15 - (4 - 0))?
-7
Calculate -1 - -7 - (4 + -2).
4
What is the value of 38 + -31 - (0 - (0 + -5))?
2
Calculate 1 + 2 + (10 - 10).
3
Evaluate -19 + (11 - -8) - (3 + 1).
-4
What is the value of 34 + -31 - (-1 - 4) - 4?
4
2 + -5 - -12 - 6
3
What is -1 - 1 - (-22 - -26)?
-6
What is 1 + 1 + -2 + -1?
-1
Evaluate 8 - (4 - -5 - 5).
4
(-3 + 11 - 1) + -7
0
Calculate 8 + (0 + -5 - (-1 - 2)).
6
Calculate (-1 - -3) + -14 + 9.
-3
Calculate -2 + (2 - -2) + 15 + -11.
6
Evaluate (-1 - 0) + (-10 - (1 - 7)).
-5
What is (10 - 11) + 2 + 2 + -5?
-2
-2 + 4 + 1 + (-4 - -2)
1
-2 - (-4 + 4) - -2
0
What is the value of -3 - ((7 - 7) + -6) - 3?
0
Evaluate (-6 - -11) + 1 + -2.
4
What is the value of (4 - 4) + (2 + -5 - -4)?
1
What is 4 + -2 + (-5 - 6 - -6)?
-3
Calculate -5 + -1 + 9 - 2.
1
Calculate 2 + (-3 - -4) + -6.
-3
9 + 1 - (-2 - (-3 + -3))
6
What is -1 + 6 + -4 + -8 + 15?
8
What is the value of 2 + -3 + 0 - -5?
4
What is -2 - (1 + -2 + -2 + 4)?
-3
What is (5 - 1) + (1 - 0)?
5
Evaluate -2 - 0 - (4 + -2 - -1).
-5
Calculate 13 - (19 + -13 + 2).
5
What is -6 - 0 - 0 - -2?
-4
(24 - (-3 + 13)) + -10
4
What is the value of -1 + -10 - (3 - 12)?
-2
What is -6 + -1 - 8 - -12?
-3
What is (1 - 0) + -4 - -3?
0
Calculate 3 + -4 + (-2 - -2).
-1
Evaluate 3 + -2 - (-15 - -11).
5
Evaluate 2 - -1 - (-11 + 16).
-2
Calculate 1 - 0 - 1 - (-81 - -74).
7
What is 5 - (-3 + 1) - 2?
5
What is 3 - (5 + -4 - -3) - 4?
-5
What is the value of -3 + 5 - (-8 - (-2 + -6))?
2
Evaluate -9 + 3 + -3 + 4.
-5
What is the value of -4 + (5 - 7) - -8?
2
What is 10 + (-13 - -1) - 5?
-7
Evaluate 8 + 8 + -8 + -9.
-1
Evaluate 0 - (-3 + -7 + 0 + 4).
6
What is -5 - (3 + (10 - 14))?
-4
What is (-5 - (0 + 1)) + (1 - 0)?
-5
What is 3 + (1 - 10) - 3?
-9
What is -1 + (-6 - (-3 + 2))?
-6
What is -2 - 0 - (-2 + 4 - 3)?
-1
What is 0 + 8 - ((0 - 1) + 5)?
4
Evaluate 3 - (4 - (0 - -3)) - -1.
3
Calculate 2 + 2 + (19 - 23).
0
Evaluate (-8 - (-6 + 8)) + 1.
-9
What is 3 - ((-4 - -2) + 0)?
5
What is -2 - (-3 - (-9 + 3))?
-5
(1 - (2 - 3)) + -1 - 0
1
What is -6 + (-4 - -6) + 6?
2
(2 + 2 - 4) + -1
-1
(-5 - (3 - 2)) + 7
1
3 + 3 + 0 + -2 - 3
1
Calculate 2 + (1 - 6) - -3.
0
Evaluate -2 + -11 + 15 + 0.
2
What is (-2 - -3 - 1) + -1 + -2?
-3
What is 0 + (4 - (-3 - (0 - 2)))?
5
Evaluate 8 + 1 + -4 + (0 - 13).
-8
Evaluate (2 - 0) + (0 - 1) - 4.
-3
Calculate -10 - (-3 - (8 + -4)).
-3
What is the value of -10 + 3 + 13 + -3 + 1?
4
What is the value of 6 - (-1 + 17 + -8) - 3?
-5
Calculate 2 - (4 + -5 + -3 + 1).
5
What is the value of 8 + (-13 - -7 - -2)?
4
Calculate (8 - 13) + -9 + 24.
10
What is the value of 1 + -2 + 5 + -4?
0
29 + -27 + (1 - 6)
-3
Calculate -3 - (-8 + 2 + 0 + -1).
4
What is the value of 6 + (-4 - (3 + -6))?
5
What is 3 + 10 + -8 + -12?
-7
Evaluate 2 - (4 + 11 + -7 - 12).
6
What is (-5 - -1) + (18 - 14)?
0
Evaluate 7 + -15 + (-8 - (-5 + 0)).
-11
-17 + 10 + 0 + -2
-9
What is the value of -11 + 2 + 5 - (1 - 1)?
-4
What is 2 - (3 - (11 - 5))?
5
Evaluate -1 - (-5 + 6 - -1).
-3
Evaluate (-19 + 7 - -3) + 6.
-3
-2 - (-5 + (0 - 2))
5
-8 - -1 - (-15 + 9)
-1
2 + -1 - (-2 - 1)
4
What is the value of (1 - -3) + 22 + -31?
-5
What is -22 + 2 + 9 - -15?
4
What is the value of -8 - (-11 - (6 + -9 - 3))?
-3
What is (-6 - -2) + (97 - 91)?
2
What is 7 - 0 - (0 + 4)?
3
What is -7 + -7 + 6 + 12 - 7?
-3
Calculate 3 + -1 + 1 - 2.
1
Evaluate (-6 - -2 - -7) + -3.
0
1 - (-3 + 8 - 7) - 7
-4
Evaluate 4 - (-10 + 6 - -8).
0
What is the value of (-21 - -15) + 11 + -2?
3
What is the value of (-2 - (-10 + 17)) + 9?
0
Calculate -12 - 1 - (-8 - 1).
-4
What is the value of 3 - (4 + 7 + -5 + -7)?
4
Evaluate -2 - (3 + 2 - 3).
-4
What is -1 + 14 + -4 + -3?
6
What is 16 + -24 + (-2 + 3 - 3)?
-10
Evaluate -4 + 13 + (-8 - -7).
8
What is 0 - 11 - (-83 + 78)?
-6
Evaluate -10 - (0 + -4 + 6 - 6).
-6
What is 10 + -6 + -12 + 13?
5
What is the value of -1 + (8 - -1) + -6?
2
(3 - 4) + -1 - (0 + 3)
-5
Calculate -7 - -5 - (-1 - 0) - 2.
-3
Evaluate (-2 - 2) + 11 + -2.
5
Calculate -3 + -8 + 4 + 2.
-5
What is (-1 - 3 - -4) + 3 + -5?
-2
Evaluate (0 - (5 + -2)) + 1.
-2
2 + -2 + (-3 + -2 - -4)
-1
Calculate -1 + -19 + (8 - -2).
-10
What is the value of -5 + 3 - (-3 + -2 + 1)?
2
What is -9 + (9 - (1 + 1))?
-2
Calculate 9 + 6 + (-15 - -2).
2
What is the value of (9 - 14) + (-1 - (-1 + -2))?
-3
What is the value of (-3 - 1) + 8 + -1?
3
What is -1 - (-6 + 20 + -9)?
-6
What is the value of -3 + 3 + (9 - 12)?
-3
Calculate -58 - -56 - (2 + 1 + 1).
-6
Evaluate -3 - 0 - (-1 + (3 - 7)).
2
Evaluate -6 - 5 - (-4 + 1 - 2).
-6
Evaluate -5 + (6 - (2 + -8 - -6)).
1
Calculate -5 - 3 - (-35 - -30).
-3
Evaluate (0 - 0 - (-8 + 8)) + 0.
0
What is 8 + -6 + 3 - (2 + 2)?
1
-11 + (-10 - 1) + 31
9
What is the value of -1 + 1 + (-11 - -7)?
-4
What is the value of -6 - (3 - 9 - 7)?
7
What is 2 - 1 - (6 + -10)?
5
What is the value of 19 + -17 + (6 - 5 - 2)?
1
What is -8 + (20 - 9) + 0 + -3?
0
Calculate -1 + (3 - -1) - (7 + 1).
-5
What is -1 + 0 - (-4 + 12 - 5)?
-4
(0 - 3) + 0 - -6 - 0
3
Calculate -21 + -13 + 33 + -2 + 1.
-2
Calculate (6 - 6) + (1 - -1).
2
-3 - (19 + -13) - -5
-4
What is the value of 0 + (7 - (-8 + 15))?
0
(6 - (-9 + 12)) + 3
6
25 - 20 - (2 + -1)
4
Calculate -6 + 1 + (7 - -1) + -7.
-4
Calculate -31 + 16 - (-26 + 1).
10
Calculate (4 - 2) + -5 + 3 + -3.
-3
57 + -45 - (5 - -1)
6
What is the value of 6 + 0 - (8 - (-6 + 10))?
2
What is -3 - -1 - (15 - 15)?
-2
Evaluate (-8 - 0) + -2 + (-53 - -58).
-5
Calculate -5 - (0 + 3 - (-1 - -4)).
-5
Evaluate 12 - ((4 - 5) + 4).
9
What is 5 - (2 + 2) - (-1 + -2)?
4
6 - (5 - -4 - 1) - 4
-6
Evaluate (-3 - ((2 - 0) + -2)) + 3.
0
What is the value of 3 + 0 + 0 + -1 + 3?
5
4 + -12 - (-2 - 1) - 0
-5
What is the value of -2 + (1 - 5) + (-6 - -10)?
-2
Evaluate 17 + -17 - (3 + 1).
-4
What is the value of 4 + ((-9 - -7) + -5 - -1)?
-2
What is 1 + -6 + (2 - 1) - 0?
-4
What is 2 + 1 - (-11 - (-11 - 1))?
2
17 + -16 + (-9 - -2)
-6
What is (2 - -1) + -22 + 19?
0
Evaluate -4 + (1 - -9 - 8).
-2
What is (-2 - 0 - 2) + 3?
-1
Calculate 1 - (1 + (-5 - -1)).
4
What is the value of 12 - (0 - (-4 - 3))?
5
-5 + (0 - 0) + -30 + 31
-4
3 + -3 + -3 - -4
1
(2 - 6) + -8 + 4 + 1
-7
What is the value of 6 + (-1 - (7 - (-2 + 6)))?
2
What is -7 + 16 - (26 + -16)?
-1
What is the value of (12 + -9 - -4) + -5?
2
What is the value of -3 + (0 + (1 - 1) - -7)?
4
(-2 - -2) + 0 - (41 + -36)
-5
Evaluate -41 + 41 + -2 + 4.
2
Evaluate -5 - -15 - 5 - (-2 + 6).
1
-46 - -48 - (1 + 0 - -2)
-1
What is 0 - (2 + -1) - (-1 - -3)?
-3
Evaluate (3 - 1) + (11 - 8).
5
What is the value of 4 + (4 - 5) + 2 + 2?
7
What is the value of (1 + 2 - 4) + 10 + -3?
6
What is the value